{"id":24898,"date":"2025-02-18T12:14:39","date_gmt":"2025-02-18T11:14:39","guid":{"rendered":"https:\/\/www.spaverde.pl\/?post_type=product&#038;p=24898"},"modified":"2026-04-14T13:28:12","modified_gmt":"2026-04-14T11:28:12","slug":"lunchbreak","status":"publish","type":"product","link":"https:\/\/www.spaverde.pl\/en\/product\/lunchbreak\/","title":{"rendered":"Pakiet Lunch Break"},"content":{"rendered":"<p><strong>Propozycja idealna dla os\u00f3b kt\u00f3re w nied\u0142ugim czasie chcia\u0142yby pozby\u0107 si\u0119 spi\u0119\u0107 z newralgicznych miejsc i od\u015bwie\u017cy\u0107 twarz kr\u00f3tkim, ale kompleksowym zabiegiem na twarz<\/strong><strong>.<\/strong><\/p>","protected":false},"excerpt":{"rendered":"<p>Masa\u017c: 30 minut + Face Express (demakija\u017c, oczyszczenie twarzy, peeling enzymatyczny, przemasowanie twarzy przy u\u017cyciu maski owsiano-bambusowej, krem)<\/p>\n<p>&nbsp;<\/p>\n<p>&nbsp;<\/p>","protected":false},"featured_media":24899,"template":"","meta":[],"product_brand":[],"product_cat":[15,136,133],"product_tag":[],"class_list":{"0":"post-24898","1":"product","2":"type-product","3":"status-publish","4":"has-post-thumbnail","6":"product_cat-masaze","7":"product_cat-pakiety","8":"product_cat-twarz","10":"first","11":"instock","12":"sale","13":"shipping-taxable","14":"purchasable","15":"product-type-simple"},"_links":{"self":[{"href":"https:\/\/www.spaverde.pl\/en\/wp-json\/wp\/v2\/product\/24898","targetHints":{"allow":["GET"]}}],"collection":[{"href":"https:\/\/www.spaverde.pl\/en\/wp-json\/wp\/v2\/product"}],"about":[{"href":"https:\/\/www.spaverde.pl\/en\/wp-json\/wp\/v2\/types\/product"}],"version-history":[{"count":0,"href":"https:\/\/www.spaverde.pl\/en\/wp-json\/wp\/v2\/product\/24898\/revisions"}],"wp:featuredmedia":[{"embeddable":true,"href":"https:\/\/www.spaverde.pl\/en\/wp-json\/wp\/v2\/media\/24899"}],"wp:attachment":[{"href":"https:\/\/www.spaverde.pl\/en\/wp-json\/wp\/v2\/media?parent=24898"}],"wp:term":[{"taxonomy":"product_brand","embeddable":true,"href":"https:\/\/www.spaverde.pl\/en\/wp-json\/wp\/v2\/product_brand?post=24898"},{"taxonomy":"product_cat","embeddable":true,"href":"https:\/\/www.spaverde.pl\/en\/wp-json\/wp\/v2\/product_cat?post=24898"},{"taxonomy":"product_tag","embeddable":true,"href":"https:\/\/www.spaverde.pl\/en\/wp-json\/wp\/v2\/product_tag?post=24898"}],"curies":[{"name":"wp","href":"https:\/\/api.w.org\/{rel}","templated":true}]}}

<p><strong>Propozycja idealna dla osób które w niedługim czasie chciałyby pozbyć się spięć z newralgicznych miejsc i odświeżyć twarz krótkim, ale kompleksowym zabiegiem na twarz</strong><strong>.</strong></p>

<p>Masaż: 30 minut + Face Express (demakijaż, oczyszczenie twarzy, peeling enzymatyczny, przemasowanie twarzy przy użyciu maski owsiano-bambusowej, krem)</p>
<p>&nbsp;</p>
<p>&nbsp;</p>
